n f is divided by 101.
76
Let j(h) = -3*h**2 + 2*h**2 + 2 - 87*h + 15 + 93*h. Let s be j(7). Calculate the remainder when (-5)/((-5)/2) + s/1 is divided by 1.
0
Let i(y) = -2*y**3 - 12*y**2 + 188*y + 1159. Calculate the remainder when 8709 is divided by i(-6).
29
Suppose -5*u - 174*x = -179*x - 670, 0 = -x - 4. Suppose -33 - 11 = -v. What is the remainder when u is divided by v?
42
Let q(d) = 2*d**2 - 3*d - 20. Let b be q(5). Suppose -3*w - 2*m = -194, 0 = 4*m + 5 + b. What is the remainder when w is divided by 10?
8
Let u(o) be the third derivative of o**6/120 - o**5/30 - o**4/8 - 3*o**3/2 + 3*o**2 - 29. What is the remainder when 19 is divided by u(4)?
8
Let j(w) = 5*w - 13. Let v = -86 - -367. Suppose 277*c + 28 = v*c. What is the remainder when j(6) is divided by c?
3
Let a = -166 - -185. Let k be 3 + 4/4 - 1. Calculate the remainder when a is divided by (-56)/(-6) - (-2)/k.
9
Let n = -29287 + 29697. Calculate the remainder when 1234 is divided by n.
4
Suppose 5*s = -c + 954, -238 = -3*s - 5*c + 352. What is the remainder when 588 is divided by s?
18
Let s be (2/16*-2998)/((-5)/20). Let f = 1518 - s. Suppose -5*h + 2*h = -207. What is the remainder when h is divided by f?
12
Suppose -15*n = 304 - 2794. Suppose 362 = 2*y + n. Calculate the remainder when y is divided by 42.
14
Suppose 3828*c - 233456 = 34504. Suppose 3*y = -15, 2*y = 5*v - 0*y - 775. What is the remainder when v is divided by c?
13
Suppose 6*u - 7*u + 1 = 0, 0 = 5*l - 5*u - 20. Suppose o - 3*m + 71 = l*o, -4*o - 2*m = -70. What is the remainder when (-6 - -13 - 5)*o/2 is divided by 4?
1
Let t(h) = -h**3 - 21*h**2 - 6*h - 5. Let s be t(-3). Let q = -105 - s. What is the remainder when 214 is divided by q?
38
Let v(d) = -281*d + 1175. Let p(w) = 355*w**2 + 2*w + 3. Calculate the remainder when p(-1) is divided by v(4).
50
What is the remainder when (-6 - (-7)/(-3))/(4/(-156)) is divided by 66?
61
Suppose -3*c - 844 = -7*c. Let i = -102 + c. Let w(h) = h**3 + 5*h**2 - 9*h + 4. Calculate the remainder when i is divided by w(-6).
21
Let h(n) be the third derivative of -17*n**4/24 - 64*n**3/3 - 2*n**2 - 22. Calculate the remainder when -4*2/8*-25 is divided by h(-8).
1
Let f = -3568 + 3595. Calculate the remainder when 2210 is divided by f.
23
Let x = -143 + -41. Let w = x - -221. Calculate the remainder when 146 is divided by w.
35
Let k = -59 - -101. Suppose 583 = k*n - 31*n. Calculate the remainder when n is divided by 9.
8
What is the remainder when 9448 is divided by (-11 - -8) + 9 - (-168)/8?
25
Let l = 13 + -8. Let r be 1/(-1)*(-1 - (-1 + -4 + 16)). Suppose -r*i - l = -89. Calculate the remainder when 23 is divided by i.
2
Let b be ((-18)/33)/(9/(-99)). Calculate the remainder when 2983/6 - (2 + (-11)/b) is divided by 50.
47
Let p(k) = -2*k + 7. Let c be 840/(-36)*(3 + -6 + 6). What is the remainder when (-42)/c + (-6)/(-15) is divided by p(3)?
0
Suppose 0 = 2*k - 14 - 8. What is the remainder when -1 + -4 + 58 + (-6)/(-2) is divided by k?
1
Calculate the remainder when 2127 is divided by ((-120)/75)/((-2)/10).
7
Suppose -15*s + 1309 + 3551 = 0. Calculate the remainder when s is divided by 74.
28
Let u = -6752 - -6911. What is the remainder when 5402 is divided by u?
155
Let i = -10 - -64. Suppose -i*m + 55*m = 1. Suppose -s = -3*k - 4*s + 474, 0 = s + m. Calculate the remainder when k is divided by 32.
31
Calculate the remainder when 266 is divided by (-25 - -21)*((-100)/26 + (-4)/26).
10
Let t = 113 + -110. Let u be 3/t + -4 - -5. Suppose 5*g - 2*s = 265 + 100, 2*g - 132 = -u*s. Calculate the remainder when g is divided by 18.
17
Suppose -4*g = 3*g - 63. Suppose g*n - 10*n + 24 = -5*d, -4*n + 147 = -3*d. Calculate the remainder when (-225)/(-3) + (-3 - -3) is divided by n.
36
Let t = 10147 - 9555. Calculate the remainder when t is divided by 35.
32
Let l(b) = 2*b**2 - 69*b - 250. Calculate the remainder when l(40) is divided by 95.
0
Suppose 4*n - 8*n = -8. Suppose 0 = -4*l, 0*o + n*l + 37 = o. Let v = -15 + o. What is the remainder when 64 is divided by v?
20
Calculate the remainder when 53 is divided by (208/(-48))/((-6)/36).
1
Let d(v) = 2*v**2 - 211*v + 4506. What is the remainder when 1940 is divided by d(25)?
16
Let w = -35 - -41. Let b(z) = z - 3. Let i be b(w). Suppose i*j - x - 4*x = 63, 4*x = -4*j + 84. Calculate the remainder when 61 is divided by j.
19
Suppose 290*l + 713 = 313*l. What is the remainder when 150 is divided by l?
26
Suppose -510 = v - 576. Calculate the remainder when 4948 is divided by v.
64
Let z(x) = -140*x - 3596. Suppose -q = -5*q + 64. Calculate the remainder when z(-26) is divided by q.
12
What is the remainder when (848989/(-822))/((-4)/20 - 1/(-30)) is divided by 40?
37
Suppose 130 = 3*y + 4*n + 5, -127 = -3*y - 2*n. Let k = 75 - y. Suppose 8 = 5*c - k. Calculate the remainder when 16 is divided by c.
0
Let p = -44 + 48. Let l be -1 + (-1 - (-6)/p)*2. Suppose l = -2*j - u + 232, 3*j - 345 - 3 = u. Calculate the remainder when j is divided by 17.
14
Let f = 13 + -7. Let c(p) = -p**3 + 7*p**2 + p + 5. Suppose 496 = 23*u - 10*u + 18*u. What is the remainder when c(f) is divided by u?
15
Let w(j) = j**2 - 16*j + 84. Suppose 3*m = 2*d - 27, -17 = 4*m - 5. Calculate the remainder when 293 is divided by w(d).
20
Suppose -6 = -3*w, -4*f - 5*w = 1605 + 629. Let c be f/34*((-10)/6 + -1). Suppose -i - v = 1 - 33, 3*v + c = i. What is the remainder when i is divided by 10?
5
Let m(h) be the second derivative of -5*h**3/6 - 5*h**2 - 2*h. Let t = 56 + -65. What is the remainder when 137 is divided by m(t)?
32
Let q(n) = -n**3 + 26*n**2 - 48*n + 42. Suppose 5*d + o - 121 = 0, 4*o = -2*d + 4*d - 44. Calculate the remainder when q(d) is divided by 9.
6
Suppose 0 = 183*a - 211*a + 45248. Calculate the remainder when a is divided by 793.
30
Let f(v) = 16*v**2. Let i = -90 - -151. Calculate the remainder when i is divided by f(-1).
13
Calculate the remainder when 368 is divided by ((-484)/(-220) - 26/5) + 112/2.
50
Let g(k) = 3*k**3 - 29*k**2 - 7*k - 16. Calculate the remainder when g(11) is divided by 3.
1
Suppose -140284 = -173*a - 250*a + 24263. Let p = -25 - -51. Calculate the remainder when a is divided by p.
25
Suppose 5*a + y - 5 = 3, -3*a - y = -4. Suppose -4*q + 8*r = 10*r - 200, -a*r = 3*q - 148. Calculate the remainder when q is divided by 18.
16
Suppose 116 = 5*k - 94. Let c be ((-990)/75)/(402/60 + -7). What is the remainder when 8 is divided by (k/(-8))/((-33)/c)?
1
Let w(y) = -y**3 - 39*y**2 + 164*y + 88. Calculate the remainder when w(-43) is divided by 54.
0
Let v(d) = -d**2 + 22*d + 6. Let t be (5 - (7 + -1))/(1/(-301)). Suppose -3*p - 4*p + t = 0. What is the remainder when v(12) is divided by p?
40
Let l = -3013 - -3070. Calculate the remainder when l is divided by 14.
1
Let c(o) = -3*o + 65. Let k = 92 + -89. Suppose k*g + 3*d - 11 = 13, g - 3*d - 4 = 0. What is the remainder when 217 is divided by c(g)?
41
Let i(j) = -134*j + 197. Calculate the remainder when 1003 is divided by i(1).
58
Let t = 135 - 113. Suppose t*s = s + 147. Let v = 29 - -8. Calculate the remainder when v is divided by s.
2
Let n(i) = i**2 - 3*i. Let y = -8 + 13. Calculate the remainder when (-1 - -49) + (-10 - (-23 + 12)) is divided by n(y).
9
Let h(i) = -2*i**3 - 50*i**2 - 37*i + 42. What is the remainder when h(-25) is divided by 38?
17
Suppose 605 = 69*i + 584 - 1635. What is the remainder when 1127 is divided by i?
23
Let y(h) = 11*h**2 + 193*h - 162. Let k = -10 - -49. What is the remainder when y(-19) is divided by k?
25
Let u = 2859 + -2848. Calculate the remainder when 560 is divided by u.
10
Let w(o) = 12*o**3 - o**2 - 4*o + 1. Let k be w(-2). Let v = -47 - k. Suppose -41*i + v*i = 33. What is the remainder when 64 is divided by i?
9
Suppose 14*w = 13*w + 2. Let j(i) = i**3 + 27*i + 22*i - 3*i**2 - 7 - 80*i + 25*i. Calculate the remainder when j(5) is divided by w.
1
Let l be (13 - 8) + 1343*1. Suppose -497 + l = 23*w. What is the remainder when 63 is divided by w?
26
Suppose -306 - 414 = -5*s + 135. Calculate the remainder when 523 is divided by s.
10
Let l(t) = -493*t - 2031. What is the remainder when l(-5) is divided by 145?
144
Let t(y) = 4*y - 1. Let x(o) = -4*o**2 + 68*o - 31. Let q(h) = 6*t(h) + x(h). Calculate the remainder when q(20) is di